+ 32. Is n a composite number?
False
Suppose -3*m + 2780 + 1075 = 0. Suppose -5*p - 1285 = -5*d, -2*d = -7*d + 4*p + m. Is d a composite number?
False
Let x(w) = -6*w**2 - w**3 - 3*w**3 + 3*w + 1 + 5*w**3. Let l = 10 - 4. Is x(l) composite?
False
Suppose 88414 = 6*y + 28612. Is y a composite number?
False
Let x(q) = 22*q**2 + 5 + 6 - 3*q - 4. Let l(i) = 18*i - 184. Let p be l(10). Is x(p) composite?
True
Let l = 2928 - 1712. Suppose -4*f - l = -4*y, 298 = 2*y - y - 4*f. Suppose -4*d - y = -1054. Is d a prime number?
False
Let a = -317 + 564. Let c = -481 + a. Let w = c + 537. Is w a prime number?
False
Let j = 21 - 20. Is 2823 - (3 + -7 - (j - 5)) prime?
False
Suppose -22*i + 2 = -21*i. Suppose i*r + 38 = 824. Is r a prime number?
False
Let i = 32 + -23. Suppose -i*l = -l - 3352. Is l a prime number?
True
Suppose 5*q = -q - 162. Let r = 32 + q. Suppose r*i - 1475 = -0*i. Is i a prime number?
False
Let p(x) be the second derivative of 7*x**5/20 - x**4/4 + x**3 - 5*x**2/2 - 5*x. Is p(4) prime?
True
Let a be 5216/(-48) + (-2)/(-3). Let f be (a/45)/((-3)/40). Suppose -4*h + 40 = -2*v - f, 5*h - 103 = -4*v. Is h prime?
True
Let w = -30110 + 42253. Is w prime?
True
Suppose -3*l = -4*l - 2. Is 5*112 + l + -1 a composite number?
False
Suppose 2 - 6 = h - 3*p, 3*h = 3*p. Suppose h*f = -0*f + 2994. Suppose 4*n = n + f. Is n composite?
False
Suppose 2*n - u - 31 = -11, -4*u - 24 = -n. Let o(k) = k**2 + 5*k + 2. Let f(i) = -2*i**2 - 11*i - 5. Let q(d) = 3*f(d) + 7*o(d). Is q(n) composite?
False
Let w(j) = 2*j + 6. Let z be w(-5). Let x(m) = 25*m**2 - 2*m - 1. Is x(z) prime?
False
Let g = 2052 - 948. Suppose -5*u - 85 = -h - g, -8 = 2*h. Suppose -w - q + u = -4*q, -5*q = 5*w - 1055. Is w prime?
False
Suppose 0 = 2*y + 3*y - 320. Suppose 3*j + j = -8, 5*j - y = -2*z. Is z composite?
False
Let p(r) = -5 + 4 + 741*r + 660*r. Let a be p(1). Suppose 4*z - a = 276. Is z a composite number?
False
Let b(s) = 69*s**2 - 6*s - 8. Is b(-3) prime?
True
Let j(a) = -a + 7. Let k be j(5). Suppose -4*v = -k*g + 26, 2*g + 0*g + 3*v - 5 = 0. Let q(i) = -i**2 + 15*i + 6. Is q(g) a prime number?
False
Let k(r) = -19*r**3 - 10*r**2 - 13*r - 1. Is k(-6) composite?
False
Let l be (3/(-12))/(5/(-40)). Suppose 0 = -l*u - 0*u + 1530. Let b = u - 434. Is b composite?
False
Let k(h) = -h**2 - 2*h + 8. Let g be k(-4). Suppose i = 0, 0*x + x + 4*i - 503 = g. Let j = -130 + x. Is j composite?
False
Let d(l) = l**3 - 3*l + 3. Let y be d(2). Suppose -867 = -y*n - 3*h - 247, 244 = 2*n + 2*h. Is n composite?
False
Let z = 837 + 3746. Is z a composite number?
False
Let o(i) = 1436*i**2 + 51*i - 358. Is o(7) a composite number?
True
Suppose -7*a - 3*l - 2741 = -11*a, 3*a + 3*l = 2040. Is a a prime number?
True
Suppose 2*c + 35 = -867. Let j(r) = 2*r**2 + r - 788. Let t be j(0). Let w = c - t. Is w a composite number?
False
Suppose 8*a - 16511 - 39465 = 0. Is a a prime number?
True
Let l(a) = -5*a**2 - 28*a - 13. Let z(h) = -9*h**2 - 55*h - 26. Let x(m) = 5*l(m) - 3*z(m). Is x(-18) a prime number?
True
Suppose 0 = m - 3, 5*x - 8557 = -3*m + 107787. Is x composite?
True
Suppose 5*s - 16 = 9*s, 0 = 5*m - 3*s - 2. Is 1 + m - 396/(-3) a prime number?
True
Let t(i) = 3*i**2 + 4*i + 7. Let n(s) = -s**2 - 2*s - 3. Let m(k) = 5*n(k) + 2*t(k). Suppose -2*p - 4 = -p - 4*u, 5*u = -5*p - 45. Is m(p) a composite number?
False
Let q = 30 - 23. Suppose -1 - 14 = -5*z. Suppose z*w + 1036 = q*w. Is w prime?
False
Is (28 + -26)*(53758/(-4))/(-1) composite?
False
Let l be 0 + 3 + 520254/14 - -3. Suppose 0 = -3*t + 16*t - l. Is t composite?
True
Let o = 529 + -136. Suppose -4*s + o = -3*s. Is s a prime number?
False
Let p(h) = 996*h**2 + 4*h - 3. Is p(2) prime?
True
Let y(l) = 4*l**3 + 4*l**2 + 3*l + 2. Let h = 32 + -28. Is y(h) prime?
False
Let f = -1645 - -439. Let x(s) = -211*s + 3. Let z be x(2). Let t = z - f. Is t a prime number?
True
Is ((-12)/(-27)*3)/((-2)/(-1461)) a composite number?
True
Suppose -7 + 151 = 9*j. Let z(m) = 5*m**2 - 11*m - 7. Is z(j) composite?
False
Let l = -153 - -493. Suppose -797 = -b + 3*c, -1254 = -2*b - 5*c + l. Is b prime?
True
Let o be ((-2)/10)/((-6)/101670). Suppose -o = -r + 4*n, 3*r + 2*n - 10151 = -2*n. Is r a prime number?
False
Let h(q) = 14*q**2 - 9*q + 56. Is h(23) composite?
True
Suppose 16*x = 19*x - 39927. Is x a composite number?
False
Let g(u) = 4*u - 5*u - 5 - 3. Let v be g(-12). Suppose -v*z = 5*w - 640 - 407, -1 = w. Is z composite?
False
Is (-2863)/(-15) + (-240)/(-1800) prime?
True
Let c = 52 + -19. Suppose c*k - 29*k - 5588 = 0. Is k a composite number?
True
Let t = -15247 + 22968. Is t a composite number?
True
Let c be 453*(4/6)/1. Suppose -p + 3*v - 6 = 2, -5*p - v + 24 = 0. Suppose -p*q - 42 = -c. Is q a composite number?
True
Let r(f) = 3*f - 2. Let t(h) = h**3 + 5*h**2 + h + 7. Let p be t(-5). Let n be r(p). Suppose 0*j = n*j - 2524. Is j a prime number?
True
Let j be (2/6)/((-1)/(-3)). Let v = -4 - -2. Is 49 - -1 - (v - j) prime?
True
Is (-4)/7 + 474540/140 a prime number?
True
Let b(k) = 1149*k - 392. Is b(15) composite?
False
Suppose -43*l + 46*l = 3. Is 0 + 1301 + -3 + l a composite number?
True
Let m(j) = j**3 - 3*j**2 - 7*j + 5. Suppose c = -3*c - 4*i, -4*c - 15 = i. Let r(u) = -u + 1. Let h be r(c). Is m(h) prime?
True
Is (-6 - 3 - -3250) + (5 - -1) composite?
True
Is 17341 + (-23 + 24)/(2/(-4)) prime?
False
Suppose -p + 6*p - 20 = 0. Is -3 + (591 - p - 3) prime?
False
Suppose 2 = -n + 6. Let j(i) = 14*i**3 - 5*i**2 - 5*i + 6. Is j(n) a composite number?
True
Let a(r) be the third derivative of r**5/30 + 5*r**4/24 + r**3/6 - 10*r**2 - 1. Let t(g) = -2*g + 4. Let y be t(-3). Is a(y) composite?
False
Suppose -18 = -d - 2*d. Suppose 114 + 672 = d*s. Is s a composite number?
False
Let j be 491 - (-5 - (2 + -4)). Suppose -j - 14 = -2*q. Suppose -2*f + 3*f = q. Is f a composite number?
True
Let l be 1685/(-15) + 4/(-6). Suppose -5*h = 3*b - 932, -4*h + 2*h - 296 = -b. Let p = b + l. Is p a composite number?
False
Let i = -83 - -57. Let d = i - -28. Is (d/(-4))/(8/(-2576)) composite?
True
Let j be (2/(-3))/(-4*(-2)/(-204)). Let u(s) = 20*s + 69. Is u(j) composite?
False
Suppose 47 = 2*g + 3*n, -3*g + 2*n + 22 = -29. Suppose -20 = 15*v - g*v. Suppose 520 + 145 = v*z. Is z composite?
True
Let q(l) = -4*l**2 + l - 12. Let k(b) = -21*b**2 + 4*b - 60. Let o(v) = 2*k(v) - 11*q(v). Is o(-5) prime?
False
Suppose 5*m = 3*m + 5*l + 24771, -l + 24765 = 2*m. Suppose m = 4*n + 5211. Is n composite?
True
Let j be (2 + 4/(-6))/(4/12). Suppose -1090 = -d + 5*l, 5555 = j*d + d - 4*l. Is d a composite number?
True
Suppose 176 + 104 = 4*p. Suppose -p*a - 49756 = -74*a. Is a a prime number?
False
Let x(k) = k**2 + 3*k - 5. Let a(z) = -1. Let i(f) = 2*a(f) + x(f). Let r be i(-5). Suppose 4*c = 4*n + 6*c - 232, 4*n + r*c - 230 = 0. Is n composite?
False
Let t = 2216 + -324. Let b = -259 + t. Is b composite?
True
Suppose -5*y + 3 = 2*q, 4*y = 4*q - 0 - 20. Let c(m) = 2*m**2 - m - 9. Is c(q) a composite number?
False
Is (366/(-488))/((-6)/58264) a composite number?
False
Is -11 + -1 + 4 + 83545 prime?
True
Let h(k) = 390*k - 43. Is h(4) prime?
False
Let k be 1 + (-103406)/30 + 2/(-15). Let h = -2233 - k. Is h a composite number?
False
Let y(z) = 7 - 63*z**3 - 2 - 6. Is y(-2) prime?
True
Let g(k) = -1444*k + 25. Is g(-7) a composite number?
False
Suppose 0 = 4*x + 3*n - 2525, 3*x = -4*n + 1083 + 802. Is x a composite number?
True
Let v be 9/(-6)*56/(-12). Suppose 2*p + 160 = v*p - 5*w, -5*w + 128 = 3*p. Is ((-99)/p)/((-1)/28) a prime number?
False
Let n(m) = -4*m + 1 - 4*m - 6. Is n(-18) a composite number?
False
Let u = -9 + 9. Suppose -24 = 6*h - u. Is ((-3 - h) + 11)/2 a prime number?
False
Let t = -27 - -31. Is 534 + (-1)/t + 39/(-52) a composite number?
True
Let w(o) = -2*o + 21. Let j be w(8). Suppose 0 = -3*q - s - 2552, q + 183 = -j*s - 649. Let g = q + 2129. Is g composite?
False
Let z(h) = 208*h**2 + 31*h - 108. Is z(7) a prime number?
True
Let f(c) = -c**3 - 2*c**2 - 4*c - 1. Let u be f(-3). Suppose -2*z - 3*z + a = -8, -u = -5*z - 5*a. Is 34 - 9/(1 + z) a composite number?
False
Suppose -12 + 2 = -2*l. Suppose 5*c - 3255 = -l*t, -t = -3*t - 5*c + 1308. Is t composite?
True
Let q = 9012 + -1973. Is q a prime number?
True
Let a be (1 - 5)/((-10)/15). Suppose -a*i +